{"id":649,"date":"2020-05-31T20:50:51","date_gmt":"2020-05-31T18:50:51","guid":{"rendered":"https:\/\/schwarzwaldmaedel-fewos.de\/?page_id=649"},"modified":"2022-10-31T13:21:02","modified_gmt":"2022-10-31T12:21:02","slug":"corona-information","status":"publish","type":"page","link":"https:\/\/schwarzwaldmaedel-ferienwohnungen.de\/en\/corona-information\/","title":{"rendered":"Corona information"},"content":{"rendered":"<div data-elementor-type=\"wp-page\" data-elementor-id=\"649\" class=\"elementor elementor-649\" data-elementor-post-type=\"page\">\n\t\t\t\t\t\t<section class=\"elementor-section elementor-top-section elementor-element elementor-element-c5e7042 elementor-section-boxed elementor-section-height-default elementor-section-height-default\" data-id=\"c5e7042\" data-element_type=\"section\" data-e-type=\"section\">\n\t\t\t\t\t\t<div class=\"elementor-container elementor-column-gap-default\">\n\t\t\t\t\t<div class=\"aux-parallax-section elementor-column elementor-col-100 elementor-top-column elementor-element elementor-element-d2ad5c7\" data-id=\"d2ad5c7\" data-element_type=\"column\" data-e-type=\"column\">\n\t\t\t<div class=\"elementor-widget-wrap elementor-element-populated\">\n\t\t\t\t\t\t<div class=\"elementor-element elementor-element-eb10042 elementor-widget elementor-widget-heading\" data-id=\"eb10042\" data-element_type=\"widget\" data-e-type=\"widget\" data-widget_type=\"heading.default\">\n\t\t\t\t<div class=\"elementor-widget-container\">\n\t\t\t\t\t<h2 class=\"elementor-heading-title elementor-size-default\">Corona information<\/h2>\t\t\t\t<\/div>\n\t\t\t\t<\/div>\n\t\t\t\t<div class=\"elementor-element elementor-element-7a5d060 elementor-widget elementor-widget-text-editor\" data-id=\"7a5d060\" data-element_type=\"widget\" data-e-type=\"widget\" data-widget_type=\"text-editor.default\">\n\t\t\t\t<div class=\"elementor-widget-container\">\n\t\t\t\t\t\t\t\t\t<p>Here we try to give you some information about the current situation regarding Covid-19. We want you to feel as safe as possible with us and that you can just switch off during your vacation.<\/p>\t\t\t\t\t\t\t\t<\/div>\n\t\t\t\t<\/div>\n\t\t\t\t<div class=\"elementor-element elementor-element-d54e295 elementor-widget elementor-widget-text-editor\" data-id=\"d54e295\" data-element_type=\"widget\" data-e-type=\"widget\" data-widget_type=\"text-editor.default\">\n\t\t\t\t<div class=\"elementor-widget-container\">\n\t\t\t\t\t\t\t\t\t<h2>What you need upon arriving<\/h2><p style=\"font-weight: 400;\" class=\"translation-block\">Currently, in our State of Baden-W\u00fcrttemberg, far-reaching protective measures against Covid-19 are no longer applicable.<br>\nYou can stay without any proof.<\/p><p class=\"translation-block\">We ask you to comply with the recommendations of the state government at our site as well. This includes wearing a <strong>medical mask or an FFP2 mask<\/strong> in areas accessible to the public, such as the reception area and stairwell, and complying with the distance and hygiene recommendations.<\/p><h4>Testing opportunities in the region<\/h4><p>In Todtnau or Sch\u00f6nau in the health centre: <a href=\"https:\/\/schnelltest.gesundes-oberes-wiesental.de\/index.php\/home-schnelltest\" target=\"_blank\" rel=\"noopener\">Online reservation rapid test<\/a> and further information (only in German available) <a href=\"https:\/\/schwarzwaldmaedel-ferienwohnungen.de\/wp-content\/uploads\/2021\/12\/Corona-Teststationen.pdf\" target=\"_blank\" rel=\"noopener\">here&gt;&gt;<\/a><\/p><p>On the following page you will find test centers and test stations in the Black Forest: <a href=\"https:\/\/www.hochschwarzwald.de\/service\/corona\/corona-testzentren-im-hochschwarzwald\" target=\"_blank\" rel=\"noopener\">Corona test centers in the Black Forest<\/a><\/p><p>In Kirchzarten you have also the possibility to get tested and book online:<br \/><a href=\"https:\/\/www.apotheke-stgallus.de\/\" target=\"_blank\" rel=\"noopener\">Apotheke Kirchzarten &#8211; Sankt Gallus<\/a><br \/><a href=\"https:\/\/www.apotheke-kirchzarten.de\/service\/corona-schnelltest-coronatest-stegen-schnelltestzentrum-greifen-apotheke-kirchzarten\/\" target=\"_blank\" rel=\"noopener\">Greifen Apotheke &#8211; Kirchzarten<\/a><br \/><a href=\"https:\/\/coronatest-dreisamtal.de\/kirchzarten\/\" target=\"_blank\" rel=\"noopener\">Corona-Schnelltests im Dreisamtal<\/a><\/p><p><strong>Entry from abroad for foreign guests:<\/strong> <br \/><a href=\"https:\/\/www.bundesgesundheitsministerium.de\/service\/gesetze-und-verordnungen\/guv-19-lp\/coronaeinreisev.html\" target=\"_blank\" rel=\"noopener\">https:\/\/www.bundesgesundheitsministerium.de\/service\/gesetze-und-verordnungen\/guv-19-lp\/coronaeinreisev.html<\/a><br \/><strong>RKI Virus variant area<\/strong><br \/><a href=\"https:\/\/www.rki.de\/DE\/Content\/InfAZ\/N\/Neuartiges_Coronavirus\/Risikogebiete_neu.html\" target=\"_blank\" rel=\"noopener\">https:\/\/www.rki.de\/DE\/Content\/InfAZ\/N\/Neuartiges_Coronavirus\/Risikogebiete_neu.html<\/a><br \/>Measures during the return journey to Switzerland for Swiss guests:<br \/><a href=\"https:\/\/travelcheck.admin.ch\/check\" target=\"_blank\" rel=\"noopener\">https:\/\/travelcheck.admin.ch\/check<\/a><\/p><h2>Swimming pool and sauna area<\/h2><p>Our swimming pool and sauna are open to our vacation guests without restrictions during the opening hours. We ask you to keep the general distance recommendation of 1.5 meters in the bathing area.<\/p>\t\t\t\t\t\t\t\t<\/div>\n\t\t\t\t<\/div>\n\t\t\t\t<div class=\"elementor-element elementor-element-0aca0a5 elementor-widget elementor-widget-text-editor\" data-id=\"0aca0a5\" data-element_type=\"widget\" data-e-type=\"widget\" data-widget_type=\"text-editor.default\">\n\t\t\t\t<div class=\"elementor-widget-container\">\n\t\t\t\t\t\t\t\t\t<h2>The hygiene promise of the Hochschwarzwald<\/h2><p><img decoding=\"async\" data-recalc-dims=\"1\" class=\"alignleft wp-image-758\" src=\"https:\/\/i0.wp.com\/schwarzwaldmaedel-ferienwohnungen.de\/wp-content\/uploads\/2020\/09\/Corona_Siegel_Logo_2020.png?resize=180%2C180&#038;ssl=1\" alt=\"\" width=\"180\" height=\"180\" srcset=\"https:\/\/i0.wp.com\/schwarzwaldmaedel-ferienwohnungen.de\/wp-content\/uploads\/2020\/09\/Corona_Siegel_Logo_2020.png?resize=300%2C300&amp;ssl=1 300w, https:\/\/i0.wp.com\/schwarzwaldmaedel-ferienwohnungen.de\/wp-content\/uploads\/2020\/09\/Corona_Siegel_Logo_2020.png?resize=1024%2C1024&amp;ssl=1 1024w, https:\/\/i0.wp.com\/schwarzwaldmaedel-ferienwohnungen.de\/wp-content\/uploads\/2020\/09\/Corona_Siegel_Logo_2020.png?resize=150%2C150&amp;ssl=1 150w, https:\/\/i0.wp.com\/schwarzwaldmaedel-ferienwohnungen.de\/wp-content\/uploads\/2020\/09\/Corona_Siegel_Logo_2020.png?resize=768%2C768&amp;ssl=1 768w, https:\/\/i0.wp.com\/schwarzwaldmaedel-ferienwohnungen.de\/wp-content\/uploads\/2020\/09\/Corona_Siegel_Logo_2020.png?zoom=2&amp;resize=180%2C180&amp;ssl=1 360w, https:\/\/i0.wp.com\/schwarzwaldmaedel-ferienwohnungen.de\/wp-content\/uploads\/2020\/09\/Corona_Siegel_Logo_2020.png?zoom=3&amp;resize=180%2C180&amp;ssl=1 540w\" sizes=\"(max-width: 180px) 100vw, 180px\" \/><\/p><p>We participate in the hygiene promise of the Hochschwarzwald Tourismus GmbH. <a href=\"https:\/\/schwarzwaldmaedel-ferienwohnungen.de\/wp-content\/uploads\/2020\/09\/Aushang_Commitment-Fewo-G\u00e4stezimmer.pdf\" target=\"_blank\" rel=\"noopener\">Click here for the points of the promise (available in German) &gt;&gt;<\/a><\/p>\t\t\t\t\t\t\t\t<\/div>\n\t\t\t\t<\/div>\n\t\t\t\t<div class=\"elementor-element elementor-element-1875d62 elementor-widget elementor-widget-text-editor\" data-id=\"1875d62\" data-element_type=\"widget\" data-e-type=\"widget\" data-widget_type=\"text-editor.default\">\n\t\t\t\t<div class=\"elementor-widget-container\">\n\t\t\t\t\t\t\t\t\t<p><a href=\"https:\/\/www.baden-wuerttemberg.de\/de\/service\/aktuelle-infos-zu-corona\/aktuelle-corona-verordnung-des-landes-baden-wuerttemberg\/\" target=\"_blank\" rel=\"noopener\">Click here for the current Corona regulation of the State of Baden-W\u00fcrttemberg (available in German)&gt;&gt;<\/a><\/p><p><a href=\"https:\/\/www.baden-wuerttemberg.de\/fileadmin\/redaktion\/dateien\/PDF\/Coronainfos\/ZZ_Corona_Regeln_Auf_einen_Blick_DE.pdf\" target=\"_blank\" rel=\"noopener\">Click here for the summarized Corona-regulations (available in German) &gt;&gt;<\/a><\/p><p><a href=\"https:\/\/www.loerrach-landkreis.de\/coronaVO\" target=\"_blank\" rel=\"noopener\">Corona Information in the destrict L\u00f6rrach (available in German) &gt;&gt;<\/a><\/p>\t\t\t\t\t\t\t\t<\/div>\n\t\t\t\t<\/div>\n\t\t\t\t<div class=\"elementor-element elementor-element-f1730c8 elementor-widget elementor-widget-text-editor\" data-id=\"f1730c8\" data-element_type=\"widget\" data-e-type=\"widget\" data-widget_type=\"text-editor.default\">\n\t\t\t\t<div class=\"elementor-widget-container\">\n\t\t\t\t\t\t\t\t\t<h2><strong>Our hygiene measures<\/strong><\/h2><p>For everyone's safety, our entire team and family is already fully vaccinated.<\/p><p>We offer contactless check-in. Your apartment key will be deposited in the key safe so that you can enter your apartment directly upon arrival. Information and briefings can take place by telephone. However, we are also happy to welcome you personally as usual, respecting all hygiene measures.<\/p><p>Our apartments are also equipped with cleaning utensils, kitchen linen and sufficient soap as usual.<\/p><p>The health of our guests and employees is our top priority.<\/p><p>The following are our hygiene measures and also our standard cleaning procedures<\/p><ul><li>The public toilets in the house Michaela are limited accessible.<\/li><li>When we are on site, the outer door is kept open during the day<\/li><li>Door handles, stair railings, light switches and other surfaces in the stairwell and in the publicly accessible areas are cleaned once or several times a day (depending on occupancy). This is additionally documented.<\/li><li>Bathroom and toilet surfaces, doorknobs, window handles, tables, bed frames, light switches, and frequently used items such as cleaning supplies, remote controls, etc. are thoroughly cleaned after each occupancy of the apartment<\/li><li>The bed linen is covered under the hygiene standards<\/li><li>When the key is handed over, it is disinfected and handed over.<\/li><li>The registration upon arrival is done by a guest for all fellow travelers<\/li><li>Our employees are specially sensitized and instructed<\/li><\/ul><h2>Our request to the guests<\/h2><ul><li>Please make sure that only one person is at the registration<\/li><li>If possible, the check-in and check-out should only be done by one guest.<\/li><li>Please note the hygiene tips, which are displayed in our houses<\/li><li>We ask you to wear a medical mask or FFP2 mask in publicly accessible areas such as the reception and stairwell<\/li><li>Please put used handkerchiefs, gloves and masks in a sealed plastic bag in the residual waste bin<\/li><\/ul>\t\t\t\t\t\t\t\t<\/div>\n\t\t\t\t<\/div>\n\t\t\t\t<div class=\"elementor-element elementor-element-dd36f87 elementor-widget elementor-widget-text-editor\" data-id=\"dd36f87\" data-element_type=\"widget\" data-e-type=\"widget\" data-widget_type=\"text-editor.default\">\n\t\t\t\t<div class=\"elementor-widget-container\">\n\t\t\t\t\t\t\t\t\t<p>We are pleased to welcome you as our guests and ask for your understanding in case of any restrictions that may be necessary and prescribed.<\/p><p><em>Status: 31.10.2022, Data without guarantee<\/em><\/p>\t\t\t\t\t\t\t\t<\/div>\n\t\t\t\t<\/div>\n\t\t\t\t\t<\/div>\n\t\t<\/div>\n\t\t\t\t\t<\/div>\n\t\t<\/section>\n\t\t\t\t<\/div>","protected":false},"excerpt":{"rendered":"<p>Corona-Information Hier versuchen wir Ihnen einige Informationen \u00fcber die aktuelle Situation bez\u00fcglich Corona zu geben. Wir m\u00f6chten, dass Sie sich so sicher wie m\u00f6glich bei uns f\u00fchlen und in Ihrem Urlaub einfach abschalten k\u00f6nnen. Was Sie zur Anreise ben\u00f6tigen Mit der aktuellen Corona-Verordnung fallen in Baden-W\u00fcrttemberg weitreichende Schutzma\u00dfnahmen weg. Sie k\u00f6nnen ohne Nachweise bei uns [&hellip;]<\/p>\n","protected":false},"author":2,"featured_media":0,"parent":0,"menu_order":0,"comment_status":"closed","ping_status":"closed","template":"","meta":{"advanced_seo_description":"","jetpack_seo_html_title":"","jetpack_seo_noindex":false,"footnotes":""},"class_list":["post-649","page","type-page","status-publish","hentry"],"jetpack_shortlink":"https:\/\/wp.me\/PbXKzQ-at","jetpack_sharing_enabled":true,"_links":{"self":[{"href":"https:\/\/schwarzwaldmaedel-ferienwohnungen.de\/en\/wp-json\/wp\/v2\/pages\/649","targetHints":{"allow":["GET"]}}],"collection":[{"href":"https:\/\/schwarzwaldmaedel-ferienwohnungen.de\/en\/wp-json\/wp\/v2\/pages"}],"about":[{"href":"https:\/\/schwarzwaldmaedel-ferienwohnungen.de\/en\/wp-json\/wp\/v2\/types\/page"}],"author":[{"embeddable":true,"href":"https:\/\/schwarzwaldmaedel-ferienwohnungen.de\/en\/wp-json\/wp\/v2\/users\/2"}],"replies":[{"embeddable":true,"href":"https:\/\/schwarzwaldmaedel-ferienwohnungen.de\/en\/wp-json\/wp\/v2\/comments?post=649"}],"version-history":[{"count":10,"href":"https:\/\/schwarzwaldmaedel-ferienwohnungen.de\/en\/wp-json\/wp\/v2\/pages\/649\/revisions"}],"predecessor-version":[{"id":2130,"href":"https:\/\/schwarzwaldmaedel-ferienwohnungen.de\/en\/wp-json\/wp\/v2\/pages\/649\/revisions\/2130"}],"wp:attachment":[{"href":"https:\/\/schwarzwaldmaedel-ferienwohnungen.de\/en\/wp-json\/wp\/v2\/media?parent=649"}],"curies":[{"name":"wp","href":"https:\/\/api.w.org\/{rel}","templated":true}]}}

<div data-elementor-type="wp-page" data-elementor-id="649" class="elementor elementor-649" data-elementor-post-type="page">
						<section class="elementor-section elementor-top-section elementor-element elementor-element-c5e7042 elementor-section-boxed elementor-section-height-default elementor-section-height-default" data-id="c5e7042" data-element_type="section" data-e-type="section">
						<div class="elementor-container elementor-column-gap-default">
					<div class="aux-parallax-section elementor-column elementor-col-100 elementor-top-column elementor-element elementor-element-d2ad5c7" data-id="d2ad5c7" data-element_type="column" data-e-type="column">
			<div class="elementor-widget-wrap elementor-element-populated">
						<div class="elementor-element elementor-element-eb10042 elementor-widget elementor-widget-heading" data-id="eb10042" data-element_type="widget" data-e-type="widget" data-widget_type="heading.default">
				<div class="elementor-widget-container">
					<h2 class="elementor-heading-title elementor-size-default">Corona information</h2>				</div>
				</div>
				<div class="elementor-element elementor-element-7a5d060 elementor-widget elementor-widget-text-editor" data-id="7a5d060" data-element_type="widget" data-e-type="widget" data-widget_type="text-editor.default">
				<div class="elementor-widget-container">
									<p>Here we try to give you some information about the current situation regarding Covid-19. We want you to feel as safe as possible with us and that you can just switch off during your vacation.</p>								</div>
				</div>
				<div class="elementor-element elementor-element-d54e295 elementor-widget elementor-widget-text-editor" data-id="d54e295" data-element_type="widget" data-e-type="widget" data-widget_type="text-editor.default">
				<div class="elementor-widget-container">
									<h2>What you need upon arriving</h2><p style="font-weight: 400;" class="translation-block">Currently, in our State of Baden-Württemberg, far-reaching protective measures against Covid-19 are no longer applicable.<br>
You can stay without any proof.</p><p class="translation-block">We ask you to comply with the recommendations of the state government at our site as well. This includes wearing a <strong>medical mask or an FFP2 mask</strong> in areas accessible to the public, such as the reception area and stairwell, and complying with the distance and hygiene recommendations.</p><h4>Testing opportunities in the region</h4><p>In Todtnau or Schönau in the health centre: <a href="https://schnelltest.gesundes-oberes-wiesental.de/index.php/home-schnelltest" target="_blank" rel="noopener">Online reservation rapid test</a> and further information (only in German available) <a href="https://schwarzwaldmaedel-ferienwohnungen.de/wp-content/uploads/2021/12/Corona-Teststationen.pdf" target="_blank" rel="noopener">here&gt;&gt;</a></p><p>On the following page you will find test centers and test stations in the Black Forest: <a href="https://www.hochschwarzwald.de/service/corona/corona-testzentren-im-hochschwarzwald" target="_blank" rel="noopener">Corona test centers in the Black Forest</a></p><p>In Kirchzarten you have also the possibility to get tested and book online:<br /><a href="https://www.apotheke-stgallus.de/" target="_blank" rel="noopener">Apotheke Kirchzarten &#8211; Sankt Gallus</a><br /><a href="https://www.apotheke-kirchzarten.de/service/corona-schnelltest-coronatest-stegen-schnelltestzentrum-greifen-apotheke-kirchzarten/" target="_blank" rel="noopener">Greifen Apotheke &#8211; Kirchzarten</a><br /><a href="https://coronatest-dreisamtal.de/kirchzarten/" target="_blank" rel="noopener">Corona-Schnelltests im Dreisamtal</a></p><p><strong>Entry from abroad for foreign guests:</strong> <br /><a href="https://www.bundesgesundheitsministerium.de/service/gesetze-und-verordnungen/guv-19-lp/coronaeinreisev.html" target="_blank" rel="noopener">https://www.bundesgesundheitsministerium.de/service/gesetze-und-verordnungen/guv-19-lp/coronaeinreisev.html</a><br /><strong>RKI Virus variant area</strong><br /><a href="https://www.rki.de/DE/Content/InfAZ/N/Neuartiges_Coronavirus/Risikogebiete_neu.html" target="_blank" rel="noopener">https://www.rki.de/DE/Content/InfAZ/N/Neuartiges_Coronavirus/Risikogebiete_neu.html</a><br />Measures during the return journey to Switzerland for Swiss guests:<br /><a href="https://travelcheck.admin.ch/check" target="_blank" rel="noopener">https://travelcheck.admin.ch/check</a></p><h2>Swimming pool and sauna area</h2><p>Our swimming pool and sauna are open to our vacation guests without restrictions during the opening hours. We ask you to keep the general distance recommendation of 1.5 meters in the bathing area.</p>								</div>
				</div>
				<div class="elementor-element elementor-element-0aca0a5 elementor-widget elementor-widget-text-editor" data-id="0aca0a5" data-element_type="widget" data-e-type="widget" data-widget_type="text-editor.default">
				<div class="elementor-widget-container">
									<h2>The hygiene promise of the Hochschwarzwald</h2><p><img decoding="async" data-recalc-dims="1" class="alignleft wp-image-758" src="https://i0.wp.com/schwarzwaldmaedel-ferienwohnungen.de/wp-content/uploads/2020/09/Corona_Siegel_Logo_2020.png?resize=180%2C180&#038;ssl=1" alt="" width="180" height="180" srcset="https://i0.wp.com/schwarzwaldmaedel-ferienwohnungen.de/wp-content/uploads/2020/09/Corona_Siegel_Logo_2020.png?resize=300%2C300&amp;ssl=1 300w, https://i0.wp.com/schwarzwaldmaedel-ferienwohnungen.de/wp-content/uploads/2020/09/Corona_Siegel_Logo_2020.png?resize=1024%2C1024&amp;ssl=1 1024w, https://i0.wp.com/schwarzwaldmaedel-ferienwohnungen.de/wp-content/uploads/2020/09/Corona_Siegel_Logo_2020.png?resize=150%2C150&amp;ssl=1 150w, https://i0.wp.com/schwarzwaldmaedel-ferienwohnungen.de/wp-content/uploads/2020/09/Corona_Siegel_Logo_2020.png?resize=768%2C768&amp;ssl=1 768w, https://i0.wp.com/schwarzwaldmaedel-ferienwohnungen.de/wp-content/uploads/2020/09/Corona_Siegel_Logo_2020.png?zoom=2&amp;resize=180%2C180&amp;ssl=1 360w, https://i0.wp.com/schwarzwaldmaedel-ferienwohnungen.de/wp-content/uploads/2020/09/Corona_Siegel_Logo_2020.png?zoom=3&amp;resize=180%2C180&amp;ssl=1 540w" sizes="(max-width: 180px) 100vw, 180px" /></p><p>We participate in the hygiene promise of the Hochschwarzwald Tourismus GmbH. <a href="https://schwarzwaldmaedel-ferienwohnungen.de/wp-content/uploads/2020/09/Aushang_Commitment-Fewo-Gästezimmer.pdf" target="_blank" rel="noopener">Click here for the points of the promise (available in German) &gt;&gt;</a></p>								</div>
				</div>
				<div class="elementor-element elementor-element-1875d62 elementor-widget elementor-widget-text-editor" data-id="1875d62" data-element_type="widget" data-e-type="widget" data-widget_type="text-editor.default">
				<div class="elementor-widget-container">
									<p><a href="https://www.baden-wuerttemberg.de/de/service/aktuelle-infos-zu-corona/aktuelle-corona-verordnung-des-landes-baden-wuerttemberg/" target="_blank" rel="noopener">Click here for the current Corona regulation of the State of Baden-Württemberg (available in German)&gt;&gt;</a></p><p><a href="https://www.baden-wuerttemberg.de/fileadmin/redaktion/dateien/PDF/Coronainfos/ZZ_Corona_Regeln_Auf_einen_Blick_DE.pdf" target="_blank" rel="noopener">Click here for the summarized Corona-regulations (available in German) &gt;&gt;</a></p><p><a href="https://www.loerrach-landkreis.de/coronaVO" target="_blank" rel="noopener">Corona Information in the destrict Lörrach (available in German) &gt;&gt;</a></p>								</div>
				</div>
				<div class="elementor-element elementor-element-f1730c8 elementor-widget elementor-widget-text-editor" data-id="f1730c8" data-element_type="widget" data-e-type="widget" data-widget_type="text-editor.default">
				<div class="elementor-widget-container">
									<h2><strong>Our hygiene measures</strong></h2><p>For everyone's safety, our entire team and family is already fully vaccinated.</p><p>We offer contactless check-in. Your apartment key will be deposited in the key safe so that you can enter your apartment directly upon arrival. Information and briefings can take place by telephone. However, we are also happy to welcome you personally as usual, respecting all hygiene measures.</p><p>Our apartments are also equipped with cleaning utensils, kitchen linen and sufficient soap as usual.</p><p>The health of our guests and employees is our top priority.</p><p>The following are our hygiene measures and also our standard cleaning procedures</p><ul><li>The public toilets in the house Michaela are limited accessible.</li><li>When we are on site, the outer door is kept open during the day</li><li>Door handles, stair railings, light switches and other surfaces in the stairwell and in the publicly accessible areas are cleaned once or several times a day (depending on occupancy). This is additionally documented.</li><li>Bathroom and toilet surfaces, doorknobs, window handles, tables, bed frames, light switches, and frequently used items such as cleaning supplies, remote controls, etc. are thoroughly cleaned after each occupancy of the apartment</li><li>The bed linen is covered under the hygiene standards</li><li>When the key is handed over, it is disinfected and handed over.</li><li>The registration upon arrival is done by a guest for all fellow travelers</li><li>Our employees are specially sensitized and instructed</li></ul><h2>Our request to the guests</h2><ul><li>Please make sure that only one person is at the registration</li><li>If possible, the check-in and check-out should only be done by one guest.</li><li>Please note the hygiene tips, which are displayed in our houses</li><li>We ask you to wear a medical mask or FFP2 mask in publicly accessible areas such as the reception and stairwell</li><li>Please put used handkerchiefs, gloves and masks in a sealed plastic bag in the residual waste bin</li></ul>								</div>
				</div>
				<div class="elementor-element elementor-element-dd36f87 elementor-widget elementor-widget-text-editor" data-id="dd36f87" data-element_type="widget" data-e-type="widget" data-widget_type="text-editor.default">
				<div class="elementor-widget-container">
									<p>We are pleased to welcome you as our guests and ask for your understanding in case of any restrictions that may be necessary and prescribed.</p><p><em>Status: 31.10.2022, Data without guarantee</em></p>								</div>
				</div>
					</div>
		</div>
					</div>
		</section>
				</div>

<p>Corona-Information Hier versuchen wir Ihnen einige Informationen über die aktuelle Situation bezüglich Corona zu geben. Wir möchten, dass Sie sich so sicher wie möglich bei uns fühlen und in Ihrem Urlaub einfach abschalten können. Was Sie zur Anreise benötigen Mit der aktuellen Corona-Verordnung fallen in Baden-Württemberg weitreichende Schutzmaßnahmen weg. Sie können ohne Nachweise bei uns [&hellip;]</p>
