{"id":410,"date":"2020-05-20T16:14:21","date_gmt":"2020-05-20T14:14:21","guid":{"rendered":"http:\/\/fewo.benedikt-doll.de\/?page_id=410"},"modified":"2026-03-04T20:27:23","modified_gmt":"2026-03-04T19:27:23","slug":"impressum","status":"publish","type":"page","link":"https:\/\/schwarzwaldmaedel-ferienwohnungen.de\/en\/impressum\/","title":{"rendered":"Legal Notice"},"content":{"rendered":"<div data-elementor-type=\"wp-page\" data-elementor-id=\"410\" class=\"elementor elementor-410\" data-elementor-post-type=\"page\">\n\t\t\t\t\t\t<section class=\"elementor-section elementor-top-section elementor-element elementor-element-ac86105 elementor-section-boxed elementor-section-height-default elementor-section-height-default\" data-id=\"ac86105\" data-element_type=\"section\" data-e-type=\"section\">\n\t\t\t\t\t\t<div class=\"elementor-container elementor-column-gap-default\">\n\t\t\t\t\t<div class=\"aux-parallax-section elementor-column elementor-col-100 elementor-top-column elementor-element elementor-element-00c0f57\" data-id=\"00c0f57\" data-element_type=\"column\" data-e-type=\"column\">\n\t\t\t<div class=\"elementor-widget-wrap elementor-element-populated\">\n\t\t\t\t\t\t<div class=\"elementor-element elementor-element-0c56754 elementor-widget elementor-widget-text-editor\" data-id=\"0c56754\" data-element_type=\"widget\" data-e-type=\"widget\" data-widget_type=\"text-editor.default\">\n\t\t\t\t<div class=\"elementor-widget-container\">\n\t\t\t\t\t\t\t\t\t<div><h2>Responsible for the content<\/h2><p>Michaela Behringer<br \/>Meinrad-Thoma-Stra\u00dfe 7<br \/>79674 Todtnau<br \/>phone: +49 (0)7671\/1284<br \/>eMail: info@schwarzwaldmaedel-ferienwohnungen.de<\/p><p><span style=\"font-size: 16.0016px;\">VAT-ID-No.:  DE459432614<br \/><\/span><\/p><h2>Content of the online offer<\/h2><p>The author assumes no liability for the topicality, correctness, completeness or quality of the information provided. Liability claims against the author, which refer to material or immaterial nature caused by use or disuse of the information or the use of incorrect and incomplete information are excluded, unless the author is not intentional or grossly negligent fault. All offers are subject to change and non-binding. The author expressly reserves the right to change, supplement or delete parts of the pages or the entire offer without prior notice or to discontinue the publication temporarily or permanently. The information contained in this online presentation is for information purposes only. No liability is assumed for the correctness and completeness. We reserve the right to make changes. The online presentation does not constitute a contractual offer.<\/p><h2>Copyright and trademark<\/h2><p>The author endeavors to observe the copyrights of the graphics and texts used in all publications, to use graphics and texts created by himself or to use license-free graphics and texts. All brand names and trademarks mentioned on the website and possibly protected by third parties are subject without restriction to the provisions of the applicable trademark law and the ownership rights of the respective registered owners. The mere mention of a trademark does not imply that it is not protected by the rights of third parties! The copyright for published objects created by the author himself remains solely with the author of the pages. Any duplication or use of objects such as diagrams and texts in other electronic or printed publications is not permitted without the author's agreement.<\/p><h2>Mediation<\/h2><p>On the basis of EU Regulation No. 524\/2013, the EU Commission has provided a website for online dispute resolution at European level. This serves the settlement of out-of-court disputes arising from online legal transactions. You can find this platform under the link: http:\/\/ec.europa.eu\/consumers\/odr\/.<\/p><\/div>\t\t\t\t\t\t\t\t<\/div>\n\t\t\t\t<\/div>\n\t\t\t\t<div class=\"elementor-element elementor-element-e2152ce elementor-widget elementor-widget-text-editor\" data-id=\"e2152ce\" data-element_type=\"widget\" data-e-type=\"widget\" data-widget_type=\"text-editor.default\">\n\t\t\t\t<div class=\"elementor-widget-container\">\n\t\t\t\t\t<style>.elementor-element-e2152ce{display:none !important}<\/style>\t\t\t\t<\/div>\n\t\t\t\t<\/div>\n\t\t\t\t<div class=\"elementor-element elementor-element-d373685 elementor-widget elementor-widget-text-editor\" data-id=\"d373685\" data-element_type=\"widget\" data-e-type=\"widget\" data-no-translation=\"\" data-widget_type=\"text-editor.default\">\n\t\t\t\t<div class=\"elementor-widget-container\">\n\t\t\t\t\t\t\t\t\t<p><a href=\"https:\/\/schwarzwaldmaedel-ferienwohnungen.de\/en\/privacy_policy\/\">To the privacy policy<\/a><\/p>\t\t\t\t\t\t\t\t<\/div>\n\t\t\t\t<\/div>\n\t\t\t\t\t<\/div>\n\t\t<\/div>\n\t\t\t\t\t<\/div>\n\t\t<\/section>\n\t\t\t\t<section class=\"elementor-section elementor-top-section elementor-element elementor-element-708285b elementor-section-boxed elementor-section-height-default elementor-section-height-default\" data-id=\"708285b\" data-element_type=\"section\" data-e-type=\"section\">\n\t\t\t\t\t\t<div class=\"elementor-container elementor-column-gap-default\">\n\t\t\t\t\t<div class=\"aux-parallax-section elementor-column elementor-col-100 elementor-top-column elementor-element elementor-element-6da6515\" data-id=\"6da6515\" data-element_type=\"column\" data-e-type=\"column\">\n\t\t\t<div class=\"elementor-widget-wrap elementor-element-populated\">\n\t\t\t\t\t\t<div class=\"elementor-element elementor-element-d8f33d8 elementor-widget elementor-widget-spacer\" data-id=\"d8f33d8\" data-element_type=\"widget\" data-e-type=\"widget\" data-widget_type=\"spacer.default\">\n\t\t\t\t<div class=\"elementor-widget-container\">\n\t\t\t\t\t\t\t<div class=\"elementor-spacer\">\n\t\t\t<div class=\"elementor-spacer-inner\"><\/div>\n\t\t<\/div>\n\t\t\t\t\t\t<\/div>\n\t\t\t\t<\/div>\n\t\t\t\t\t<\/div>\n\t\t<\/div>\n\t\t\t\t\t<\/div>\n\t\t<\/section>\n\t\t\t\t<\/div>","protected":false},"excerpt":{"rendered":"<p>Verantwortlich f\u00fcr den Inhalt Michaela BehringerMeinrad-Thoma-Stra\u00dfe 779674 TodtnauTel.: +49 (0)7671\/1284eMail: info@schwarzwaldmaedel-ferienwohnungen.de USt-ID-Nr.: DE459432614 Inhalt des Onlineangebotes Der Autor \u00fcbernimmt keinerlei Gew\u00e4hr f\u00fcr die Aktualit\u00e4t, Korrektheit, Vollst\u00e4ndigkeit oder Qualit\u00e4t der bereitgestellten Informationen. Haftungsanspr\u00fcche gegen den Autor, welche sich auf Sch\u00e4den materieller oder ideeller Art beziehen, die durch die Nutzung oder Nichtnutzung der dargebotenen Informationen bzw. durch [&hellip;]<\/p>\n","protected":false},"author":1,"featured_media":0,"parent":0,"menu_order":0,"comment_status":"closed","ping_status":"closed","template":"","meta":{"advanced_seo_description":"","jetpack_seo_html_title":"","jetpack_seo_noindex":false,"footnotes":""},"class_list":["post-410","page","type-page","status-publish","hentry"],"jetpack_shortlink":"https:\/\/wp.me\/PbXKzQ-6C","jetpack_sharing_enabled":true,"_links":{"self":[{"href":"https:\/\/schwarzwaldmaedel-ferienwohnungen.de\/en\/wp-json\/wp\/v2\/pages\/410","targetHints":{"allow":["GET"]}}],"collection":[{"href":"https:\/\/schwarzwaldmaedel-ferienwohnungen.de\/en\/wp-json\/wp\/v2\/pages"}],"about":[{"href":"https:\/\/schwarzwaldmaedel-ferienwohnungen.de\/en\/wp-json\/wp\/v2\/types\/page"}],"author":[{"embeddable":true,"href":"https:\/\/schwarzwaldmaedel-ferienwohnungen.de\/en\/wp-json\/wp\/v2\/users\/1"}],"replies":[{"embeddable":true,"href":"https:\/\/schwarzwaldmaedel-ferienwohnungen.de\/en\/wp-json\/wp\/v2\/comments?post=410"}],"version-history":[{"count":10,"href":"https:\/\/schwarzwaldmaedel-ferienwohnungen.de\/en\/wp-json\/wp\/v2\/pages\/410\/revisions"}],"predecessor-version":[{"id":2738,"href":"https:\/\/schwarzwaldmaedel-ferienwohnungen.de\/en\/wp-json\/wp\/v2\/pages\/410\/revisions\/2738"}],"wp:attachment":[{"href":"https:\/\/schwarzwaldmaedel-ferienwohnungen.de\/en\/wp-json\/wp\/v2\/media?parent=410"}],"curies":[{"name":"wp","href":"https:\/\/api.w.org\/{rel}","templated":true}]}}

<div data-elementor-type="wp-page" data-elementor-id="410" class="elementor elementor-410" data-elementor-post-type="page">
						<section class="elementor-section elementor-top-section elementor-element elementor-element-ac86105 elementor-section-boxed elementor-section-height-default elementor-section-height-default" data-id="ac86105" data-element_type="section" data-e-type="section">
						<div class="elementor-container elementor-column-gap-default">
					<div class="aux-parallax-section elementor-column elementor-col-100 elementor-top-column elementor-element elementor-element-00c0f57" data-id="00c0f57" data-element_type="column" data-e-type="column">
			<div class="elementor-widget-wrap elementor-element-populated">
						<div class="elementor-element elementor-element-0c56754 elementor-widget elementor-widget-text-editor" data-id="0c56754" data-element_type="widget" data-e-type="widget" data-widget_type="text-editor.default">
				<div class="elementor-widget-container">
									<div><h2>Responsible for the content</h2><p>Michaela Behringer<br />Meinrad-Thoma-Straße 7<br />79674 Todtnau<br />phone: +49 (0)7671/1284<br />eMail: info@schwarzwaldmaedel-ferienwohnungen.de</p><p><span style="font-size: 16.0016px;">VAT-ID-No.:  DE459432614<br /></span></p><h2>Content of the online offer</h2><p>The author assumes no liability for the topicality, correctness, completeness or quality of the information provided. Liability claims against the author, which refer to material or immaterial nature caused by use or disuse of the information or the use of incorrect and incomplete information are excluded, unless the author is not intentional or grossly negligent fault. All offers are subject to change and non-binding. The author expressly reserves the right to change, supplement or delete parts of the pages or the entire offer without prior notice or to discontinue the publication temporarily or permanently. The information contained in this online presentation is for information purposes only. No liability is assumed for the correctness and completeness. We reserve the right to make changes. The online presentation does not constitute a contractual offer.</p><h2>Copyright and trademark</h2><p>The author endeavors to observe the copyrights of the graphics and texts used in all publications, to use graphics and texts created by himself or to use license-free graphics and texts. All brand names and trademarks mentioned on the website and possibly protected by third parties are subject without restriction to the provisions of the applicable trademark law and the ownership rights of the respective registered owners. The mere mention of a trademark does not imply that it is not protected by the rights of third parties! The copyright for published objects created by the author himself remains solely with the author of the pages. Any duplication or use of objects such as diagrams and texts in other electronic or printed publications is not permitted without the author's agreement.</p><h2>Mediation</h2><p>On the basis of EU Regulation No. 524/2013, the EU Commission has provided a website for online dispute resolution at European level. This serves the settlement of out-of-court disputes arising from online legal transactions. You can find this platform under the link: http://ec.europa.eu/consumers/odr/.</p></div>								</div>
				</div>
				<div class="elementor-element elementor-element-e2152ce elementor-widget elementor-widget-text-editor" data-id="e2152ce" data-element_type="widget" data-e-type="widget" data-widget_type="text-editor.default">
				<div class="elementor-widget-container">
					<style>.elementor-element-e2152ce{display:none !important}</style>				</div>
				</div>
				<div class="elementor-element elementor-element-d373685 elementor-widget elementor-widget-text-editor" data-id="d373685" data-element_type="widget" data-e-type="widget" data-no-translation="" data-widget_type="text-editor.default">
				<div class="elementor-widget-container">
									<p><a href="https://schwarzwaldmaedel-ferienwohnungen.de/en/privacy_policy/">To the privacy policy</a></p>								</div>
				</div>
					</div>
		</div>
					</div>
		</section>
				<section class="elementor-section elementor-top-section elementor-element elementor-element-708285b elementor-section-boxed elementor-section-height-default elementor-section-height-default" data-id="708285b" data-element_type="section" data-e-type="section">
						<div class="elementor-container elementor-column-gap-default">
					<div class="aux-parallax-section elementor-column elementor-col-100 elementor-top-column elementor-element elementor-element-6da6515" data-id="6da6515" data-element_type="column" data-e-type="column">
			<div class="elementor-widget-wrap elementor-element-populated">
						<div class="elementor-element elementor-element-d8f33d8 elementor-widget elementor-widget-spacer" data-id="d8f33d8" data-element_type="widget" data-e-type="widget" data-widget_type="spacer.default">
				<div class="elementor-widget-container">
							<div class="elementor-spacer">
			<div class="elementor-spacer-inner"></div>
		</div>
						</div>
				</div>
					</div>
		</div>
					</div>
		</section>
				</div>

<p>Verantwortlich für den Inhalt Michaela BehringerMeinrad-Thoma-Straße 779674 TodtnauTel.: +49 (0)7671/1284eMail: info@schwarzwaldmaedel-ferienwohnungen.de USt-ID-Nr.: DE459432614 Inhalt des Onlineangebotes Der Autor übernimmt keinerlei Gewähr für die Aktualität, Korrektheit, Vollständigkeit oder Qualität der bereitgestellten Informationen. Haftungsansprüche gegen den Autor, welche sich auf Schäden materieller oder ideeller Art beziehen, die durch die Nutzung oder Nichtnutzung der dargebotenen Informationen bzw. durch [&hellip;]</p>
