{"id":233,"date":"2020-05-04T11:16:27","date_gmt":"2020-05-04T09:16:27","guid":{"rendered":"http:\/\/fewo.benedikt-doll.de\/wp-content\/uploads\/2020\/05\/SchwarzwaldmaedelFerienwohnungen-G2WEB-1.jpg"},"modified":"2021-07-22T16:47:21","modified_gmt":"2021-07-22T14:47:21","slug":"schwarzwaldmaedelferienwohnungen-g2web-1","status":"inherit","type":"attachment","link":"https:\/\/schwarzwaldmaedel-ferienwohnungen.de\/en\/schwarzwaldmaedelferienwohnungen-g2web-1\/","title":{"rendered":"Whg. Schauinsland Wohnraum"},"author":2,"featured_media":0,"comment_status":"open","ping_status":"closed","template":"","meta":{"advanced_seo_description":"","jetpack_seo_html_title":"","jetpack_seo_noindex":false},"class_list":["post-233","attachment","type-attachment","status-inherit","hentry"],"jetpack_shortlink":"https:\/\/wp.me\/abXKzQ-3L","jetpack_sharing_enabled":true,"description":{"rendered":"<p class=\"attachment\"><a href=\"https:\/\/i0.wp.com\/schwarzwaldmaedel-ferienwohnungen.de\/wp-content\/uploads\/2020\/05\/SchwarzwaldmaedelFerienwohnungen-G2WEB-1.jpg?ssl=1\"><img fetchpriority=\"high\" decoding=\"async\" width=\"300\" height=\"300\" src=\"https:\/\/i0.wp.com\/schwarzwaldmaedel-ferienwohnungen.de\/wp-content\/uploads\/2020\/05\/SchwarzwaldmaedelFerienwohnungen-G2WEB-1.jpg?fit=300%2C300&amp;ssl=1\" class=\"attachment-medium size-medium\" alt=\"gro\u00dfz\u00fcgiger Wohnraum mit K\u00fcchenzeile, Doppelschlafcouch und Esstisch\" srcset=\"https:\/\/i0.wp.com\/schwarzwaldmaedel-ferienwohnungen.de\/wp-content\/uploads\/2020\/05\/SchwarzwaldmaedelFerienwohnungen-G2WEB-1.jpg?resize=300%2C300&amp;ssl=1 300w, https:\/\/i0.wp.com\/schwarzwaldmaedel-ferienwohnungen.de\/wp-content\/uploads\/2020\/05\/SchwarzwaldmaedelFerienwohnungen-G2WEB-1.jpg?resize=150%2C150&amp;ssl=1 150w, https:\/\/i0.wp.com\/schwarzwaldmaedel-ferienwohnungen.de\/wp-content\/uploads\/2020\/05\/SchwarzwaldmaedelFerienwohnungen-G2WEB-1.jpg?resize=768%2C768&amp;ssl=1 768w, https:\/\/i0.wp.com\/schwarzwaldmaedel-ferienwohnungen.de\/wp-content\/uploads\/2020\/05\/SchwarzwaldmaedelFerienwohnungen-G2WEB-1.jpg?zoom=2&amp;resize=300%2C300&amp;ssl=1 600w, https:\/\/i0.wp.com\/schwarzwaldmaedel-ferienwohnungen.de\/wp-content\/uploads\/2020\/05\/SchwarzwaldmaedelFerienwohnungen-G2WEB-1.jpg?zoom=3&amp;resize=300%2C300&amp;ssl=1 900w\" sizes=\"(max-width: 300px) 100vw, 300px\" \/><\/a><\/p>\n<p>Wohnung Schauinsland Haus Gerda, Wohnraum<\/p>\n"},"caption":{"rendered":"<p>Wohnung Schauinsland Haus Gerda<\/p>\n"},"alt_text":"gro\u00dfz\u00fcgiger Wohnraum mit K\u00fcchenzeile, Doppelschlafcouch und Esstisch","media_type":"image","mime_type":"image\/jpeg","media_details":{"width":1500,"height":994,"file":"2020\/05\/SchwarzwaldmaedelFerienwohnungen-G2WEB-1.jpg","sizes":{"medium":{"file":"SchwarzwaldmaedelFerienwohnungen-G2WEB-1-300x300.jpg","width":300,"height":300,"mime_type":"image\/jpeg","source_url":"https:\/\/i0.wp.com\/schwarzwaldmaedel-ferienwohnungen.de\/wp-content\/uploads\/2020\/05\/SchwarzwaldmaedelFerienwohnungen-G2WEB-1.jpg?fit=300%2C300&ssl=1"},"large":{"file":"SchwarzwaldmaedelFerienwohnungen-G2WEB-1-1024x994.jpg","width":1024,"height":994,"mime_type":"image\/jpeg","source_url":"https:\/\/i0.wp.com\/schwarzwaldmaedel-ferienwohnungen.de\/wp-content\/uploads\/2020\/05\/SchwarzwaldmaedelFerienwohnungen-G2WEB-1.jpg?fit=1024%2C994&ssl=1"},"thumbnail":{"file":"SchwarzwaldmaedelFerienwohnungen-G2WEB-1-150x150.jpg","width":150,"height":150,"mime_type":"image\/jpeg","source_url":"https:\/\/i0.wp.com\/schwarzwaldmaedel-ferienwohnungen.de\/wp-content\/uploads\/2020\/05\/SchwarzwaldmaedelFerienwohnungen-G2WEB-1.jpg?resize=150%2C150&ssl=1"},"medium_large":{"file":"SchwarzwaldmaedelFerienwohnungen-G2WEB-1-768x768.jpg","width":768,"height":768,"mime_type":"image\/jpeg","source_url":"https:\/\/i0.wp.com\/schwarzwaldmaedel-ferienwohnungen.de\/wp-content\/uploads\/2020\/05\/SchwarzwaldmaedelFerienwohnungen-G2WEB-1.jpg?fit=768%2C768&ssl=1"},"post-thumbnail":{"file":"SchwarzwaldmaedelFerienwohnungen-G2WEB-1-280x180.jpg","width":280,"height":180,"mime_type":"image\/jpeg","source_url":"https:\/\/i0.wp.com\/schwarzwaldmaedel-ferienwohnungen.de\/wp-content\/uploads\/2020\/05\/SchwarzwaldmaedelFerienwohnungen-G2WEB-1.jpg?resize=280%2C180&ssl=1"},"full":{"file":"SchwarzwaldmaedelFerienwohnungen-G2WEB-1.jpg?fit=1500%2C994&ssl=1","width":1500,"height":994,"mime_type":"image\/jpeg","source_url":"https:\/\/i0.wp.com\/schwarzwaldmaedel-ferienwohnungen.de\/wp-content\/uploads\/2020\/05\/SchwarzwaldmaedelFerienwohnungen-G2WEB-1.jpg?fit=1500%2C994&ssl=1"}},"image_meta":{"aperture":"0","credit":"","camera":"","caption":"","created_timestamp":"0","copyright":"Benedikt Doll","focal_length":"0","iso":"0","shutter_speed":"0","title":"","orientation":"0","keywords":[]}},"post":null,"source_url":"https:\/\/schwarzwaldmaedel-ferienwohnungen.de\/wp-content\/uploads\/2020\/05\/SchwarzwaldmaedelFerienwohnungen-G2WEB-1.jpg","_links":{"self":[{"href":"https:\/\/schwarzwaldmaedel-ferienwohnungen.de\/en\/wp-json\/wp\/v2\/media\/233","targetHints":{"allow":["GET"]}}],"collection":[{"href":"https:\/\/schwarzwaldmaedel-ferienwohnungen.de\/en\/wp-json\/wp\/v2\/media"}],"about":[{"href":"https:\/\/schwarzwaldmaedel-ferienwohnungen.de\/en\/wp-json\/wp\/v2\/types\/attachment"}],"author":[{"embeddable":true,"href":"https:\/\/schwarzwaldmaedel-ferienwohnungen.de\/en\/wp-json\/wp\/v2\/users\/2"}],"replies":[{"embeddable":true,"href":"https:\/\/schwarzwaldmaedel-ferienwohnungen.de\/en\/wp-json\/wp\/v2\/comments?post=233"}]}}

<p class="attachment"><a href="https://i0.wp.com/schwarzwaldmaedel-ferienwohnungen.de/wp-content/uploads/2020/05/SchwarzwaldmaedelFerienwohnungen-G2WEB-1.jpg?ssl=1"><img fetchpriority="high" decoding="async" width="300" height="300" src="https://i0.wp.com/schwarzwaldmaedel-ferienwohnungen.de/wp-content/uploads/2020/05/SchwarzwaldmaedelFerienwohnungen-G2WEB-1.jpg?fit=300%2C300&amp;ssl=1" class="attachment-medium size-medium" alt="großzügiger Wohnraum mit Küchenzeile, Doppelschlafcouch und Esstisch" srcset="https://i0.wp.com/schwarzwaldmaedel-ferienwohnungen.de/wp-content/uploads/2020/05/SchwarzwaldmaedelFerienwohnungen-G2WEB-1.jpg?resize=300%2C300&amp;ssl=1 300w, https://i0.wp.com/schwarzwaldmaedel-ferienwohnungen.de/wp-content/uploads/2020/05/SchwarzwaldmaedelFerienwohnungen-G2WEB-1.jpg?resize=150%2C150&amp;ssl=1 150w, https://i0.wp.com/schwarzwaldmaedel-ferienwohnungen.de/wp-content/uploads/2020/05/SchwarzwaldmaedelFerienwohnungen-G2WEB-1.jpg?resize=768%2C768&amp;ssl=1 768w, https://i0.wp.com/schwarzwaldmaedel-ferienwohnungen.de/wp-content/uploads/2020/05/SchwarzwaldmaedelFerienwohnungen-G2WEB-1.jpg?zoom=2&amp;resize=300%2C300&amp;ssl=1 600w, https://i0.wp.com/schwarzwaldmaedel-ferienwohnungen.de/wp-content/uploads/2020/05/SchwarzwaldmaedelFerienwohnungen-G2WEB-1.jpg?zoom=3&amp;resize=300%2C300&amp;ssl=1 900w" sizes="(max-width: 300px) 100vw, 300px" /></a></p>
<p>Wohnung Schauinsland Haus Gerda, Wohnraum</p>

großzügiger Wohnraum mit Küchenzeile, Doppelschlafcouch und Esstisch
